+ 3751996. Determine u(-738).
4
Let w(z) = -z**3 + 89*z**2 - 1375*z - 110. What is w(69)?
235
Let v(s) = 12*s**2 + 946*s - 107231. What is v(63)?
-5
Let g(z) = 2*z**3 - 24*z**2 - 154821*z + 1857861. Calculate g(12).
9
Let l(c) = -c**2 - 511*c - 64784. Determine l(-233).
-10
Let d(u) = -2*u**2 - 136*u + 2446. Give d(-80).
526
Let l(m) = 90*m - 14512. What is l(163)?
158
Let z(y) = 2*y**2 + 8*y - 5219. Calculate z(47).
-425
Let h(p) = 7*p**2 - 508*p + 9222. What is h(36)?
6
Let j(f) = -f**3 + 398*f**2 + 10123*f + 2103. Give j(422).
-7
Let u(w) = -2*w**2 + 460*w - 25324. Give u(109).
1054
Let d(f) = -1866*f - 78358. Give d(-42).
14
Let d(r) = 152*r**2 - 25*r - 40. Determine d(-2).
618
Let c(u) = u**2 - 150*u + 4225. Calculate c(42).
-311
Let j(f) = f**2 + 71*f + 410. What is j(-13)?
-344
Let u(t) = -t**2 + 33*t + 3898. Calculate u(87).
-800
Let o(w) = -143*w**2 + 16*w + 42. Calculate o(0).
42
Let k(z) = -z**3 - 855*z**2 - 5782*z + 130581. Give k(-848).
-11
Let a(h) = -97*h**3 + 6*h**2 + 353*h - 357. Determine a(1).
-95
Let s(m) = 3882*m - 245021. Give s(63).
-455
Let i(s) = -s**3 + 369*s**2 - 32142*s - 1363. What is i(228)?
5
Let p(j) = -84*j + 6714. Calculate p(75).
414
Let a(c) = -c**3 + 33*c**2 + 130*c - 839. Give a(34).
2425
Let g(r) = -4*r**2 + 95*r + 307. What is g(29)?
-302
Let h(i) = 2*i**3 + 84*i**2 + 2*i + 119. Give h(-42).
35
Let o(u) = 3*u**3 + 10*u**2 - 881*u - 740. Give o(16).
12
Let l(g) = g**3 - 22*g**2 - 1242*g + 23547. What is l(18)?
-105
Let u(z) = -42*z**2 - 39*z + 7. Calculate u(3).
-488
Let d(t) = -367*t + 130261. Calculate d(355).
-24
Let y(r) = 47*r + 1914. What is y(-36)?
222
Let f(d) = -7*d**3 - 31*d**2 + 17*d + 133. What is f(-7)?
896
Let u(z) = -39*z**2 + 618*z + 1518. What is u(18)?
6
Let c(a) = 3767*a + 37347. What is c(-10)?
-323
Let x(j) = -2*j**3 + 364*j**2 + 749*j - 1497. Give x(184).
895
Let g(a) = 1037*a - 13069. What is g(12)?
-625
Let t(d) = -8*d**2 - 3763*d - 147012. Calculate t(-43).
5
Let q(u) = u**3 - 8*u**2 + 37*u - 198. What is q(7)?
12
Let i(b) = -1492*b + 17989. Give i(10).
3069
Let h(l) = 77211*l - 1080955. Determine h(14).
-1
Let p(k) = 1607*k + 81923. Calculate p(-51).
-34
Let x(f) = 185*f**2 + 139*f + 426. Calculate x(-3).
1674
Let f(s) = -s**3 + 85*s**2 - 134*s - 2712. Give f(83).
-56
Let i(d) = -4*d**3 + 87*d**2 - 212*d - 300. Give i(19).
-357
Let z(j) = j**3 + 43*j**2 + 121*j + 566. What is z(-40)?
526
Let i(w) = -w**2 - 302*w - 19382. Calculate i(-209).
55
Let o(c) = -12378*c - 1572012. What is o(-127)?
-6
Let x(a) = -2927*a - 134274. What is x(-46)?
368
Let c(n) = 15*n**3 + 1269*n**2 + 759*n + 300. What is c(-84)?
48
Let u(a) = -4713*a + 9407. What is u(2)?
-19
Let p(g) = g**3 - 10*g**2 + 8*g - 67. What is p(7)?
-158
Let o(v) = 197*v**2 - 16741*v - 221. Give o(85).
119
Let q(c) = 4863*c + 598140. Determine q(-123).
-9
Let d(s) = 10*s**2 - 60*s + 51. Determine d(-9).
1401
Let l(p) = -8623*p + 51660. What is l(6)?
-78
Let l(w) = -81*w**3 - 7936*w**2 + 198*w + 212. What is l(-98)?
16
Let d(x) = 14495*x + 275436. Give d(-19).
31
Let w(o) = -2*o**2 - 124*o - 235. Give w(-59).
119
Let v(i) = 250943*i - 1254699. Give v(5).
16
Let y(u) = -3*u**3 - 16*u**2 + 81*u - 211. Calculate y(5).
-581
Let y(b) = 8*b**2 - 152*b + 95. What is y(18)?
-49
Let t(r) = -r**3 + 10175*r**2 - 50856*r + 35. Give t(5).
5
Let x(b) = b**3 + 185*b**2 + 7227*b + 411. What is x(-56)?
243
Let b(h) = 13*h**2 - 828*h - 342. Determine b(64).
-86
Let q(g) = 5*g**3 - 40*g**2 - 647*g + 5485. Give q(10).
15
Let r(w) = -6*w**2 + 1369*w + 11355. Calculate r(-8).
19
Let v(l) = -l**3 - 824*l**2 + 2*l + 4040. Give v(0).
4040
Let f(s) = s**2 + 304*s + 4862. Calculate f(-287).
-17
Let f(m) = -m**3 - 644*m**2 - 5723*m - 5074. Give f(-635).
6
Let h(z) = 132*z**2 - 1057*z + 1584. Calculate h(6).
-6
Let u(q) = -2*q**2 + 749*q - 6789. Determine u(365).
146
Let b(c) = 24497*c**2 - 195969*c - 12. Give b(8).
44
Let t(n) = n**2 - 3795*n + 465837. What is t(127)?
1
Let s(m) = -2*m**3 - 4*m**2 + 1015*m + 6031. Determine s(-6).
229
Let z(u) = -86903*u + 86883. Give z(1).
-20
Let b(v) = -35*v**2 - 618*v - 1745. Determine b(-14).
47
Let z(i) = -5*i**3 + 23*i**2 - 4*i - 158. Calculate z(5).
-228
Let a(o) = o**2 + 4748*o - 259268. What is a(54)?
40
Let x(h) = 3749*h - 13684. Give x(4).
1312
Let u(o) = 20*o**3 + 2*o**2 - 3*o - 8. Calculate u(-1).
-23
Let k(i) = -i**3 - 46*i**2 + 1890*i - 470. Calculate k(26).
-2
Let q(f) = 427*f + 4570. Calculate q(-10).
300
Let v(z) = 46*z**2 + 890*z + 289. Determine v(-19).
-15
Let y(j) = -2*j**3 + 3021*j**2 - 10553*j + 6025. What is y(1507)?
-3
Let n(v) = -3962*v - 273275. Calculate n(-69).
103
Let b(p) = 1187*p - 42710. What is b(36)?
22
Let w(g) = 2*g**2 - 364*g - 4056. Determine w(-12).
600
Let k(m) = 464*m**2 + 15*m - 12. Calculate k(0).
-12
Let y(r) = 3*r**3 + 143*r**2 + 113*r + 374. Determine y(-47).
-519
Let v(q) = -2*q**3 - 91*q**2 + 515*q - 8379. Determine v(-52).
-7
Let k(p) = 80*p**2 - 1572*p + 7473. Give k(8).
17
Let g(s) = -11*s**2 + 193*s + 288. Give g(20).
-252
Let p(a) = a**3 - 182*a**2 + 168*a + 3024. Determine p(181).
671
Let u(a) = 2*a**2 - 613*a - 136289. Calculate u(456).
55
Let c(d) = 2*d**3 - 77*d**2 - 182*d - 460. Give c(41).
483
Let o(p) = 5861*p - 210753. What is o(36)?
243
Let j(v) = 13*v**3 - 5*v**2 - 39*v - 130. Calculate j(-4).
-886
Let u(x) = -3*x**3 + 5*x**2 - 55*x + 98. Give u(2).
-16
Let b(h) = -8*h**3 - 9*h**2 + 10*h - 30. Give b(6).
-2022
Let m(k) = 4*k**3 - 1586*k**2 - 13780*k + 4047. Determine m(405).
-3
Let k(c) = 110*c + 102876. Give k(-936).
-84
Let f(i) = 245*i**2 - 12580*i + 4292. Calculate f(51).
-43
Let m(j) = 2*j**3 - 49*j**2 + 171*j - 157. Determine m(20).
-337
Let f(r) = -26*r**2 - 5*r + 175. What is f(-5)?
-450
Let a(n) = -n**3 - 126*n**2 - 45*n + 9848. Give a(-125).
-152
Let i(s) = -s**3 - 145*s**2 + 10*s - 3833. Give i(-145).
-5283
Let p(d) = -14*d**3 + 5459*d**2 + 386*d + 1075. What is p(390)?
-485
Let i(k) = k**3 - 108*k**2 - 507*k - 6731. Give i(113).
-177
Let f(m) = -402534*m + 1207484. Determine f(3).
-118
Let g(w) = 77*w**2 + 939*w - 211. Calculate g(-14).
1735
Let f(l) = 2*l**2 + 402*l + 2729. What is f(-7)?
13
Let o(y) = -6*y**2 + 18574*y + 30. Determine o(0).
30
Let n(w) = -11*w**2 + 1344*w + 19358. Give n(-13).
27
Let m(w) = 13*w**2 + 708*w - 25818. Calculate m(25).
7
Let w(s) = 738984*s - 2955910. Give w(4).
26
Let a(y) = 2042*y + 43967. What is a(-19)?
5169
Let j(l) = -11*l**2 - 10*l - 37. Give j(-7).
-506
Let a(r) = -2*r**2 + 24264*r - 653636. Determine a(27).
34
Let u(f) = 12*f**2 - 135*f + 22. Calculate u(14).
484
Let f(p) = -3*p**3 + 22*p**2 + 8*p + 46. Give f(-7).
2097
Let k(b) = -b**3 - 548*b**2 - 1865*b - 422052. Determine k(-546).
6
Let w(k) = -17*k + 306. What is w(32)?
-238
Let v(i) = -4332*i - 1017809. What is v(-235)?
211
Let u(n) = -n**3 + 163*n**2 - 4474*n + 11327. Calculate u(129).
-25
Let o(q) = 45*q**2 + 604*q - 602. Determine o(1).
47
Let d(t) = -8*t**2 - 277*t + 2456. What is d(-42)?
-22
Let p(b) = 28519*b + 998181. What is p(-35)?
16
Let o(m) = 12*m**2 - 692*m + 424. Give o(57).
-32
Let k(a) = -764*a - 12239. Determine k(-17).
749
Let c(w) = -2*w**3 - w**2 - 8*w - 142. Calculate c(0).
-142
Let o(p) = 670*p + 61674. Give o(-93).
-636
Let o(a) = -25*a - 335. Calculate o(7).
-510
Let p(w) = -1415*w + 34839. Calculate p(23).
2294
Let w(g) = 38*g**2 - 448*g + 138. Give w(11).
-192
Let a(b) = 1835507*b - 12. Give a(0).
-12
Let t(d) = -76*d**3 + 304*d**2 + 14*d - 38. Calculate t(4).
18
Let u(w) = 1951*w - 54619. What is u(28)?
9
Let l(y) = 157*y**2 - 858*y + 1726. What is l(2)?
638
Let f(r) = r**3 - 52*r**2 - 224*r - 71. What is f(56)?
-71
Let a(i) = 19*i**2 - 2190*i + 570. What is a(115)?
-5
Let x(g) = g**2 - 4963174*g + 4963172. Calculate x(1).
-1
Let p(c) = 12*c**2 - 171*c - 21455. Give p(50).
-5
Let x(d) = 2279*d + 43208. Give x(-19).
-93
Let k(s) = 415*s + 2733. Determine k(-2).
1903
Let s(m) = 7*m**3 - 7*m**2 + 6*m + 6. Calculate s(4).
366
Let t(i) = -i**3 - 21*i**2 + 506*i + 35. Give t(15).
-475
Let r(h) = 4*h**3 - 9*h**2 - 28*h - 15. Give r(-8).
-2415
Let m(u) = 23*u - 124. What is m(4)?
-32
Let n(o) = -902*o + 79409. Calculate n(88).
33
Let a(z) = 2*z**2 - 2148*z + 106207. Calculate a(52).
-81
Let y(u) = 2*u**3 + 57*u**2 + 3*u - 23. Wh